 d(6).
100
Let s(r) = 1579*r**2 - 16152*r + 3627. Calculate s(10).
7
Let y(c) = -2*c**2 + 4081*c - 272093. What is y(69)?
-26
Let x(n) = 4277*n + 13208. Determine x(-3).
377
Let l(k) = -k**2 - 51247*k - 768477. What is l(-15)?
3
Let h(a) = 2585*a**2 - 69811*a + 395. Determine h(27).
-37
Let a(d) = d**3 - 165*d**2 + 496*d - 1591. What is a(162)?
29
Let r(h) = 6906*h + 41743. Give r(-6).
307
Let o(k) = -8*k**3 - 31*k**2 + 154*k + 608. What is o(-4)?
8
Let w(d) = 4499*d + 3756658. What is w(-835)?
-7
Let y(f) = -f**3 - 30*f**2 + 84*f + 265. Give y(-32).
-375
Let m(g) = -1520*g + 13664. Give m(9).
-16
Let i(r) = r**3 - 193*r**2 + 1488*r - 1471. Give i(185).
9
Let d(x) = 21*x**2 - 5669*x - 5957. What is d(271)?
5
Let k(z) = z**2 + 66*z + 341. Determine k(-19).
-552
Let v(x) = -5194*x + 2139918. Determine v(412).
-10
Let m(a) = -a**3 - 8*a**2 + 245*a - 10. Give m(12).
50
Let b(k) = -k**3 - 10*k**2 + 27*k + 1400. What is b(0)?
1400
Let l(a) = 26154*a - 26147. Give l(1).
7
Let z(c) = 5*c**2 - 168*c - 27615. Calculate z(93).
6
Let l(a) = 6*a**2 + 506*a - 391. Calculate l(-85).
-51
Let s(v) = -v**3 + 23*v**2 + 1672*v + 173. What is s(54)?
65
Let w(a) = 32082*a - 4170654. Give w(130).
6
Let f(u) = 3*u**3 - 142*u**2 + 183*u - 50. Determine f(46).
-96
Let m(d) = d**2 + 199*d - 136301. Determine m(283).
105
Let h(w) = 11469*w - 103047. Give h(9).
174
Let t(d) = 29*d**2 + 3*d - 374. Give t(-8).
1458
Let f(d) = -d**3 + 173*d**2 - 3833*d + 284. Calculate f(26).
-2
Let b(p) = 75985*p + 80. Give b(0).
80
Let y(f) = 2532*f + 44776. Calculate y(-18).
-800
Let f(r) = 3594*r - 14898. Give f(4).
-522
Let s(k) = k**2 - 275*k - 4817. Give s(-17).
147
Let f(m) = -2*m**3 - 2891*m**2 - 72425*m - 7100. Give f(-1420).
0
Let c(h) = 2*h**3 + 31*h**2 - 14*h + 73. Calculate c(-16).
41
Let c(j) = 155*j - 1298. Give c(20).
1802
Let v(t) = t**3 + 34*t**2 - 44*t - 159. Give v(-35).
156
Let c(f) = 2263*f**2 + 529561*f + 4445. Calculate c(-234).
-1
Let l(q) = 131*q**2 + 1569*q + 1411. Give l(-11).
3
Let p(l) = -65*l**3 + 4876*l**2 - 79*l + 308. Give p(75).
8
Let g(a) = -15*a**2 + 508*a + 492. Calculate g(-1).
-31
Let t(u) = 237*u**3 - 760*u - 761. Calculate t(-1).
-238
Let s(h) = 45*h**3 - h**2 - 93*h + 259. Calculate s(3).
1186
Let j(c) = 20*c**2 - 5863*c + 46922. Calculate j(8).
1298
Let w(b) = b**3 + 7*b**2 - 1549*b - 27. Give w(-43).
16
Let q(i) = -1070*i**2 + 14985*i - 25. Calculate q(14).
45
Let a(j) = 77*j**2 + 3882*j + 34978. Give a(-9).
6277
Let b(x) = -2*x**3 - 27*x**2 - 31*x + 271. What is b(-8)?
-185
Let r(b) = b**3 + 25*b**2 + 5*b + 529. Determine r(-27).
-1064
Let y(v) = 73*v**3 + 7*v**2 - 1866*v + 1859. Give y(1).
73
Let h(f) = -292*f + 720. Calculate h(2).
136
Let f(c) = -18*c**3 + 637*c**2 + 624*c - 11. Calculate f(-1).
20
Let w(c) = -4422*c - 2140186. What is w(-484)?
62
Let g(v) = 8*v**2 - 223*v - 2890. Give g(-12).
938
Let k(l) = 14*l**2 - 1622*l - 197. What is k(116)?
35
Let j(l) = -3*l**2 - 3054*l + 30834. Determine j(-1028).
-6
Let p(m) = -38653*m - 154986. Determine p(-4).
-374
Let u(s) = -s**3 + 10*s**2 + 249*s - 3278. Calculate u(17).
-1068
Let g(i) = -15*i**2 + 11171*i + 78948. Calculate g(-7).
16
Let i(l) = 34*l - 1632. Determine i(49).
34
Let y(u) = u**3 - 69*u**2 + 1152*u + 222. Determine y(29).
-10
Let f(d) = 1705*d + 37775. Calculate f(-22).
265
Let q(p) = -1637*p - 34349. Give q(-21).
28
Let v(p) = p**2 - 388*p + 19463. Determine v(329).
52
Let s(g) = -11404*g - 729856. Determine s(-64).
0
Let s(b) = -b**3 - 8*b**2 + 5197*b + 25972. Give s(-5).
-88
Let a(q) = -1544*q + 864495. Calculate a(560).
-145
Let k(o) = 721*o - 321550. Give k(446).
16
Let t(s) = 4*s**3 - 295*s**2 - 95*s + 1578. Give t(74).
24
Let z(g) = -g**3 - 76*g**2 + 169*g + 1178. Calculate z(-78).
164
Let c(f) = -6568*f + 58916. Give c(9).
-196
Let f(j) = -45*j**3 - 3150*j**2 + 49*j + 3430. What is f(-70)?
0
Let u(s) = -s**3 + 11*s**2 + 338*s - 3207. What is u(9)?
-3
Let t(a) = -4*a**3 + 36*a**2 - 62*a - 418. What is t(-7)?
3152
Let l(y) = y**2 + 367*y - 19600. Calculate l(45).
-1060
Let x(o) = -205*o + 116837. Determine x(569).
192
Let r(q) = -44*q**2 - 3689*q + 234. What is r(-84)?
-354
Let o(d) = -20*d**3 + d**2 - 496*d - 496. Determine o(-1).
21
Let a(w) = 61*w**3 + 20*w**2 + 2*w + 2. What is a(-3)?
-1471
Let m(s) = -2*s**2 - 1573*s - 75704. Calculate m(-735).
1
Let j(h) = -92*h - 8279. Determine j(-107).
1565
Let z(r) = 991*r**3 - 3*r**2 + 387*r + 388. Determine z(-1).
-993
Let s(j) = 2*j**3 - 91*j**2 - 36*j - 377. Calculate s(46).
83
Let z(i) = -12597*i + 12602. Calculate z(1).
5
Let u(o) = 55*o**3 + 65406*o**2 + 13080*o + 1184. What is u(-1189)?
-5
Let f(n) = 12*n**3 + 137*n**2 + 126*n + 792. Calculate f(-11).
11
Let w(z) = -342*z + 24890. Give w(73).
-76
Let c(y) = -y**3 + 65*y**2 - 1037*y + 3893. Determine c(43).
-20
Let a(h) = -29757*h - 297547. Determine a(-10).
23
Let b(u) = -u**2 + 703*u - 8. Calculate b(0).
-8
Let f(c) = 2*c**3 + 93*c**2 + 140*c + 13641. Determine f(-48).
9
Let o(m) = -2*m**3 - 31*m**2 + 54*m + 583. Determine o(-15).
-452
Let o(x) = -13*x**2 - 294*x + 2817. What is o(-30)?
-63
Let g(b) = -7*b**3 + 59*b**2 + 2746*b - 19709. Determine g(7).
3
Let c(t) = -2723*t - 16117. What is c(-6)?
221
Let l(w) = w**2 + 498*w + 18. Determine l(0).
18
Let i(s) = -s**2 + 18*s + 19525. Determine i(-131).
6
Let d(g) = g**3 + 87*g**2 - 2162*g + 418. Give d(20).
-22
Let q(b) = -168677*b - 9783273. Determine q(-58).
-7
Let q(u) = -106187*u + 637048. Determine q(6).
-74
Let o(q) = 480*q - 8159. Determine o(17).
1
Let z(n) = 3307*n - 856523. Give z(259).
-10
Let c(z) = -967*z - 362307. Determine c(-375).
318
Let r(l) = 514*l + 16929. Give r(-33).
-33
Let c(f) = -f**3 - 146*f**2 + 4293*f - 64. Determine c(25).
386
Let t(p) = -p**2 + 27*p + 18. Calculate t(9).
180
Let h(p) = -p**3 + 108*p**2 + 6158*p + 21265. Calculate h(150).
-35
Let i(b) = 721*b - 74264. Determine i(103).
-1
Let z(v) = 45*v**3 - 5*v**2 + 14*v - 52. Calculate z(3).
1160
Let r(j) = -16101*j - 144910. What is r(-9)?
-1
Let j(p) = -p**2 - 132289*p + 1852250. Calculate j(14).
8
Let p(s) = 629*s - 4795. What is p(8)?
237
Let p(z) = -z**3 - 10*z**2 + 8262*z - 307. What is p(-96)?
-883
Let a(g) = -117*g**2 - 6172*g - 6170. Calculate a(-1).
-115
Let i(v) = 2*v**2 - 3117*v + 76720. Calculate i(25).
45
Let t(v) = v**3 - 784*v**2 + 116830*v - 17524. Determine t(584).
-4
Let v(z) = -z**2 + 74047*z + 22752024. Determine v(-306).
6
Let l(b) = -b**2 - 477*b + 8144. What is l(17)?
-254
Let b(m) = -14*m**2 - 101*m - 200. Give b(-4).
-20
Let y(b) = b**3 + 16*b**2 + 283*b + 5681. What is y(-18)?
-61
Let k(m) = -6*m**2 - 317*m - 1241. What is k(-50)?
-391
Let b(x) = 2*x**2 - 251*x + 1947. Give b(118).
177
Let d(x) = -56*x**2 - 412*x + 48. Determine d(-8).
-240
Let i(a) = a**3 - 46*a**2 + 143*a + 2567. Determine i(41).
25
Let f(w) = -w**3 + 79*w**2 - 2041*w + 12691. Determine f(9).
-8
Let o(u) = 214*u - 1527. What is o(7)?
-29
Let o(c) = 4*c**2 - 149*c + 226. Calculate o(0).
226
Let r(x) = -x**3 + 36*x**2 + 378*x - 10439. Give r(40).
-1719
Let s(q) = 2*q**3 + 19*q**2 - 1620*q - 14749. Determine s(-9).
-88
Let n(s) = -281*s**2 - 5672*s - 1078. Determine n(-20).
-38
Let q(x) = 42*x**3 - 10*x**2 + 16*x - 11. Give q(-3).
-1283
Let a(u) = 76160*u + 152306. Determine a(-2).
-14
Let z(k) = 821*k + 464. Calculate z(-3).
-1999
Let c(b) = 718*b + 5232. Determine c(-8).
-512
Let z(p) = p**3 + 81*p**2 - 303*p + 1520. Give z(-85).
-1625
Let p(k) = 16872*k - 438555. Calculate p(26).
117
Let f(n) = -2*n**3 + 111*n**2 + 1933*n - 109323. Calculate f(55).
17
Let g(w) = 45*w**2 + 17*w - 3843. Determine g(9).
-45
Let h(o) = -o**3 + 39*o**2 - 339*o + 2854. Determine h(31).
33
Let h(n) = n**3 - 15*n**2 - 6*n + 493. Give h(19).
1823
Let j(y) = 3079*y - 3262. Give j(1).
-183
Let d(g) = -3*g**3 - 2*g**2 - 26*g - 49. What is d(-2)?
19
Let u(f) = 3*f**3 + 209*f**2 - 36*f + 2380. What is u(-70)?
0
Let q(i) = -416569*i + 7498243. Calculate q(18).
1
Let h(d) = -3*d**3 - 42*d**2 - 35*d + 49. Calculate h(-13).
-3
Let c(s) = 58044*s + 39760132. Calculate c(-685).
-8
Let r(h) = h**3 - 84*h**2 - 58*h + 24279. What is r(81)?
-102
Let n(d) = 3818*d - 202330. What is n(53)?
24
Let m(n) = -7715*n + 192424. Determine m(25).
-451
Let n(g) = 44*g**2 + 1296*g + 1226. Give n(-